 the greatest common factor of 16 and m.
8
Suppose 0*i = -i + 187. Let c be (18/6)/((-1)/(17/(-3))). Calculate the highest common factor of c and i.
17
Suppose 0*t + t = -9. Let u = 11 + t. Suppose -u*s + 2 = -2. What is the highest common factor of 3 and s?
1
Suppose 3*k - k - 168 = 0. Let z = k + -39. What is the greatest common divisor of z and 5?
5
Suppose 2*o + 80 = 7*o. Suppose -5*p - 1 = -26. Suppose p*m = -u + 22, -u - 8 = -5*m + 10. Calculate the highest common factor of m and o.
4
Suppose -20*i + 408 = -3*i. Calculate the greatest common factor of i and 168.
24
Let s(u) = -u - 4. Let n be s(7). Let d be (n/(-2))/((-5)/(-70)). Suppose 13*h = 12*h + d. What is the highest common factor of h and 7?
7
Let p(y) = -3*y - 11. Let j be p(-13). Calculate the highest common divisor of 266 and j.
14
Let b be (14 - 12)/(0 - -1). Suppose 0*t - 12 = -b*l + t, l - 3 = -t. Suppose 384 = -o + l*o. Calculate the greatest common factor of o and 12.
12
Let j(f) = 2*f - 10. Let w be j(7). Suppose w*c - 51 = 89. Calculate the greatest common factor of c and 385.
35
Let h be (-975)/(-12) + (-2)/8. Let k be -16 + (-4)/(-16)*0. Let q = k + h. What is the greatest common factor of 26 and q?
13
Let x = -723 + 1018. Suppose x + 2015 = 10*k. Calculate the highest common divisor of k and 21.
21
Let w = 6 + 7. Let t = 11 - -22. Let j = -7 + t. What is the highest common factor of j and w?
13
Let v(z) = z + 3. Let m be v(0). Suppose 2*d - 2*x - 3*x - 15 = 0, 5*d - 4*x = 63. Calculate the highest common factor of d and m.
3
Let s be -2*1*(-139)/(-2). Let g = s + 267. What is the greatest common factor of g and 16?
16
Suppose 26*l = -16 + 68. Calculate the greatest common divisor of l and 57.
1
Let y = 25 - 73. Let u = 2 - y. Calculate the greatest common divisor of u and 20.
10
Let n be 1206/(-54) - (-1)/3. Let x = n + 31. Calculate the highest common divisor of 27 and x.
9
Suppose -268 - 842 = -74*p. What is the highest common divisor of 15 and p?
15
Let c(w) = -12*w + 330. Let u be c(20). Calculate the highest common divisor of 5 and u.
5
Suppose 17*v - 1125 = -8*v. Calculate the greatest common divisor of v and 36.
9
Suppose -9*b = 298 - 964. Calculate the highest common factor of b and 259.
37
Let d = -10 - -12. Let g = 24 - d. Calculate the highest common divisor of 110 and g.
22
Let f(d) be the second derivative of -d**5/20 - d**4/3 + d**3/2 + 4*d**2 + 6*d. Let b be f(-5). Calculate the greatest common divisor of b and 6.
6
Suppose -5 - 12 = -r + 4*q, -r - q = -22. Suppose r = 3*s + 3. What is the highest common divisor of s and 33?
3
Suppose -7*q + 14*q = 161. What is the greatest common divisor of q and 368?
23
Let a = 219 - 95. Calculate the greatest common factor of a and 434.
62
Let t be (-3)/7 - (-62)/14. Suppose -4*h + t*r = 60, 29 = -4*h + 5*r - 27. Let l = 32 + h. What is the greatest common divisor of 143 and l?
13
Let h(r) = r**3 - 6*r**2 + 5*r + 4. Let n be h(5). Suppose -n*j = -88 - 8. Let q be (6/30*-2)/(2/(-300)). Calculate the highest common divisor of q and j.
12
Let o(a) = a**2 - 4 + 4*a**2 + 3 - 5*a. Suppose -10*n + 12 = -12*n. Let g be o(n). Calculate the highest common factor of g and 19.
19
Let y(z) = -z**3 - 8*z**2 - 2*z + 56. Let q be y(-11). Calculate the greatest common factor of q and 84.
21
Suppose 0 = 23*z - 22*z - 35. Suppose 4*r = -20, -2*r - 1 - 4 = v. Calculate the highest common divisor of v and z.
5
Let d be -10 - -17 - (5 - 15). Let v(p) = -18*p - 5. Let s be v(-5). Calculate the greatest common divisor of d and s.
17
Let t = -160 - -198. Calculate the highest common divisor of 722 and t.
38
Let b = -2663 - -2723. Let n(k) = 7*k - 4. Let y be n(4). What is the greatest common divisor of y and b?
12
Let p = 42 - -14. Let a(v) = v**3 + 3*v**2 - v + 4. Let k be a(-3). Calculate the greatest common divisor of k and p.
7
Suppose 4*m = 0, -3*j = -5*j + 4*m + 10. Suppose 16 = -4*d, -j*w + 3 = -3*d + 6*d. What is the greatest common factor of w and 6?
3
Suppose -2*j - 5*j = j - 3696. Suppose -2*w - 4*i + 92 = 0, 5*w - 2*w + 3*i = 132. Calculate the highest common divisor of w and j.
42
Let f be (-7 - 15)*((-465)/10 + 3). What is the highest common factor of 33 and f?
33
Suppose -3*g = -0*g + 6. Let f be (-1)/g*2 + 3. Let l be 1 - ((-212)/f + -2). What is the greatest common factor of l and 7?
7
Suppose -47 = 3*g + 3*a - 8*a, -3*a + 33 = -2*g. Let v be (g/10)/((-14)/175). Let s = 86 - v. Calculate the greatest common factor of 8 and s.
8
Let h = -869 - -1694. What is the greatest common factor of 75 and h?
75
Suppose 61 = 5*c - 2*z - 495, 2*c - 5*z = 214. What is the highest common factor of c and 280?
56
Suppose 5*v = 15*v. Suppose -4*a + 1 + 9 = -d, v = a - 4. What is the highest common divisor of 6 and d?
6
Suppose 6*q = q, -95 = -5*o + 3*q. Suppose d = 2*d - 152. What is the greatest common divisor of o and d?
19
Let h be 2/(4/(-46))*-1. Let p be 4/(-272)*-8 - 2342/(-34). What is the highest common divisor of h and p?
23
Let i be 1 - (1 + (-3)/1). Let z(l) = -l + 13. Suppose -6*n - 20 = -2*n. Let k be z(n). Calculate the highest common divisor of k and i.
3
Let k(q) = -21*q - 2. Let b be k(-5). Let v = b + -17. Suppose 0 = -2*t - 3*d + 70, -d - v = 5*t - 235. What is the greatest common factor of 58 and t?
29
Let z = 4 + 7. Let m = z + -5. Suppose 0 = -2*q + 14*q - 144. Calculate the highest common factor of m and q.
6
Suppose -3*o = 30 + 12. Let p be (-7)/((-1)/1) - (-18 - o). What is the highest common divisor of p and 55?
11
Let o(p) = 2*p + 10. Let g be o(10). Suppose g = 4*t - 70. What is the greatest common factor of t and 10?
5
Let p(b) = -8*b**3 + b**2 - 2*b - 2. Let o be p(-2). Suppose 4*i - 55 = 61. Suppose -i*l - 98 = -36*l. Calculate the greatest common divisor of l and o.
14
Let l(s) = s**3 + 9*s**2 - 10*s + 7. Let q be l(-10). Let t be -1 - (-6)/(6/q). What is the highest common factor of t and 6?
6
Let h(n) = -10*n. Let q be h(-1). Let y(f) = 8*f - 74. Let t be y(23). Calculate the highest common factor of t and q.
10
Suppose -3080 = -5*b + 405. Calculate the greatest common factor of b and 17.
17
Suppose 24 = -4*t + 4*d, 3*t - d = d - 18. Let h be (7 - 3)*(-9)/t. Suppose -w - 20 = -h*w. Calculate the greatest common divisor of 10 and w.
2
Let a be (-18 + 0)*(1 + -2). Let w = 1127 + -1100. Calculate the greatest common divisor of w and a.
9
Let m = 586 + -526. Calculate the greatest common divisor of 45 and m.
15
Let n be -24*(-6)/(-16)*2. Let k be ((-31)/(-31) + (-424)/3)*-6. Let q be k/4 - (-9)/n. Calculate the greatest common factor of q and 30.
30
Let g = -154 - -264. Calculate the greatest common factor of g and 55.
55
Let x be 1 + -2 + 424/4. Suppose -3*b = 2*g + 209, 0 = -5*g + b - 314 - 217. Let p = -64 - g. What is the greatest common factor of p and x?
21
Let j(q) = -q**3 - 2*q**2 + 11*q - 3. Let t be j(-7). Let o = t - 87. Calculate the greatest common factor of 26 and o.
26
Let z = -77 - -493. Calculate the highest common divisor of z and 26.
26
Let d be (108 + 37)*44/10. What is the greatest common divisor of 22 and d?
22
Let m be (-327)/(-12) + (-2)/8. Let s = m + 6. Suppose -228 = -27*r + 69. Calculate the greatest common divisor of s and r.
11
Let u be ((-648)/126)/(2/(-14)). Calculate the greatest common divisor of u and 450.
18
Let b be (0 - (-24)/18)*108. Suppose -3*s + 264 + b = 0. What is the greatest common divisor of 17 and s?
17
Let a(n) = n**2 + 11*n + 11. Let v be a(-14). Let x = v - 37. Calculate the highest common divisor of x and 112.
16
Let o(n) = 31*n - 10. Suppose x + 4*d - 2 = 5, 11 = -2*x - 3*d. Let a = x + 20. Let k be o(a). Calculate the highest common divisor of k and 23.
23
Suppose 19*t + 440 = 23*t. What is the highest common factor of 275 and t?
55
Let a(x) be the first derivative of x**4/4 + 14*x**3/3 - x**2/2 + x + 3. Let n be a(-14). Calculate the greatest common factor of n and 105.
15
Suppose 2*j + 6*y = 20 + 32, 5*y = 10. What is the greatest common factor of 75 and j?
5
Let y(o) = -o**2 + 7*o - 4. Let q be y(5). Let p = q + -1. Suppose -a - 48 = -p*n - 5*a, 0 = 3*n + 5*a - 34. What is the greatest common factor of 40 and n?
8
Suppose 5*p = -4*b + 311, 3*p - 2*b = 126 + 65. Let c be 4/(-6) - (-69)/9. What is the greatest common factor of p and c?
7
Suppose -151 = -